ivided by 66.
63
What is the remainder when 32154 is divided by 14?
10
What is the remainder when 13880 is divided by 32?
24
What is the remainder when 551891 is divided by 407?
406
What is the remainder when 2069 is divided by 91?
67
Calculate the remainder when 1533 is divided by 511.
0
Calculate the remainder when 28719 is divided by 5.
4
What is the remainder when 140034 is divided by 86?
26
Calculate the remainder when 5018 is divided by 2158.
702
What is the remainder when 527658 is divided by 60?
18
What is the remainder when 19444 is divided by 526?
508
Calculate the remainder when 1439 is divided by 1283.
156
What is the remainder when 9064 is divided by 2820?
604
What is the remainder when 22294 is divided by 637?
636
What is the remainder when 241335 is divided by 19?
16
Calculate the remainder when 499973 is divided by 3.
2
Calculate the remainder when 2516 is divided by 360.
356
What is the remainder when 360434 is divided by 251?
249
What is the remainder when 2610637 is divided by 16?
13
What is the remainder when 7358 is divided by 755?
563
Calculate the remainder when 495 is divided by 17.
2
Calculate the remainder when 10785 is divided by 849.
597
What is the remainder when 130193 is divided by 5007?
11
Calculate the remainder when 12320 is divided by 237.
233
Calculate the remainder when 19424 is divided by 279.
173
Calculate the remainder when 495116 is divided by 8.
4
What is the remainder when 395496 is divided by 13?
10
Calculate the remainder when 5465 is divided by 2578.
309
What is the remainder when 3499 is divided by 1245?
1009
What is the remainder when 3761 is divided by 107?
16
Calculate the remainder when 1592 is divided by 145.
142
What is the remainder when 1118624 is divided by 33?
23
Calculate the remainder when 3458 is divided by 63.
56
Calculate the remainder when 21481 is divided by 21340.
141
What is the remainder when 11004 is divided by 2164?
184
What is the remainder when 119696 is divided by 133?
129
Calculate the remainder when 10052 is divided by 3328.
68
What is the remainder when 42634 is divided by 947?
19
Calculate the remainder when 1430 is divided by 37.
24
What is the remainder when 361656 is divided by 120547?
15
What is the remainder when 458 is divided by 149?
11
What is the remainder when 92511 is divided by 392?
391
Calculate the remainder when 11422 is divided by 70.
12
Calculate the remainder when 308427 is divided by 10.
7
What is the remainder when 158 is divided by 44?
26
What is the remainder when 268680 is divided by 14?
6
What is the remainder when 721214 is divided by 191?
189
What is the remainder when 10201 is divided by 19?
17
What is the remainder when 6799 is divided by 6727?
72
What is the remainder when 5079897 is divided by 1475?
1472
Calculate the remainder when 47568 is divided by 116.
8
What is the remainder when 3468 is divided by 358?
246
What is the remainder when 3834 is divided by 1896?
42
Calculate the remainder when 43725 is divided by 287.
101
What is the remainder when 1132558 is divided by 360?
358
What is the remainder when 411617 is divided by 50?
17
What is the remainder when 2553 is divided by 22?
1
Calculate the remainder when 154165 is divided by 871.
869
What is the remainder when 220631 is divided by 317?
316
What is the remainder when 45603 is divided by 87?
15
Calculate the remainder when 5060 is divided by 109.
46
Calculate the remainder when 10092 is divided by 36.
12
Calculate the remainder when 18848 is divided by 130.
128
Calculate the remainder when 15991 is divided by 5276.
163
What is the remainder when 35549 is divided by 4?
1
What is the remainder when 52205 is divided by 6?
5
Calculate the remainder when 13488 is divided by 899.
3
What is the remainder when 27732 is divided by 136?
124
Calculate the remainder when 2136 is divided by 1749.
387
What is the remainder when 647378 is divided by 294?
284
What is the remainder when 142018 is divided by 367?
356
Calculate the remainder when 222682 is divided by 84.
82
What is the remainder when 18548 is divided by 889?
768
What is the remainder when 41488 is divided by 451?
447
What is the remainder when 13058 is divided by 20?
18
What is the remainder when 30547 is divided by 47?
44
Calculate the remainder when 170712 is divided by 91.
87
Calculate the remainder when 47901 is divided by 23922.
57
What is the remainder when 18188 is divided by 9075?
38
What is the remainder when 3480 is divided by 164?
36
Calculate the remainder when 1653 is divided by 188.
149
Calculate the remainder when 130158 is divided by 2324.
14
What is the remainder when 13690 is divided by 4560?
10
What is the remainder when 6277 is divided by 86?
85
What is the remainder when 5112 is divided by 727?
23
Calculate the remainder when 8887 is divided by 4437.
13
What is the remainder when 752399 is divided by 627?
626
What is the remainder when 3500 is divided by 1156?
32
Calculate the remainder when 1122194 is divided by 347.
343
What is the remainder when 2838 is divided by 158?
152
What is the remainder when 38278 is divided by 184?
6
What is the remainder when 27534 is divided by 656?
638
Calculate the remainder when 1205048 is divided by 172148.
12
What is the remainder when 25770 is divided by 2852?
102
Calculate the remainder when 100190 is divided by 16.
14
Calculate the remainder when 4053 is divided by 1317.
102
Calculate the remainder when 9373 is divided by 963.
706
Calculate the remainder when 16058 is divided by 21.
14
Calculate the remainder when 890 is divided by 110.
10
What is the remainder when 12754 is divided by 129?
112
What is the remainder when 481535 is divided by 76?
75
Calculate the remainder when 7724 is divided by 23.
19
Calculate the remainder when 4783 is divided by 1590.
13
What is the remainder when 477 is divided by 296?
181
What is the remainder when 3064 is divided by 206?
180
Calculate the remainder when 326290 is divided by 326229.
61
Calculate the remainder when 72530 is divided by 89.
84
What is the remainder when 2080 is divided by 118?
74
What is the remainder when 1261 is divided by 24?
13
Calculate the remainder when 4211 is divided by 854.
795
Calculate the remainder when 43686 is divided by 43.
41
What is the remainder when 634388 is divided by 55?
18
Calculate the remainder when 1228 is divided by 484.
260
Calculate the remainder when 2355 is divided by 51.
9
What is the remainder when 5466 is divided by 1805?
51
What is the remainder when 18495 is divided by 36?
27
What is the remainder when 8539 is divided by 4249?
41
What is the remainder when 2512 is divided by 121?
92
What is the remainder when 5904 is divided by 1043?
689
Calculate the remainder when 12915 is divided by 3199.
119
Calculate the remainder when 10520 is divided by 96.
56
Calculate the remainder when 193 is divided by 106.
87
Calculate the remainder when 34945 is divided by 15.
10
Calculate the remainder when 7240 is divided by 1220.
1140
What is the remainder when 329 is divided by 67?
61
Calculate the remainder when 3431 is divided by 88.
87
What is the remainder when 11122 is divided by 5456?
210
Calculate the remainder when 465866 is divided by 527.
525
What is the remainder when 40672 is divided by 13553?
13
What is the remainder when 6005 is divided by 1?
0
What is the remainder when 31854 is divided by 201?
96
Calculate the remainder when 95844 is divided by 6846.
0
What is the remainder when 68487 is divided by 22824?
15
What is the remainder when 1520346 is divided by 319?
311
What is the remainder when 77712 is divided by 25692?
636
What is the remainder when 1903 is divided by 290?
163
Calculate the remainder when 6746 is divided by 742.
68
Calculate the remainder when 53602 is divided by 547.
543
Calculate the remainder when 2116 is divided by 333.
118
What is the remainder when 1103 is divided by 17?
15
Calculate the remainder when 32449 is divided by 232.
201
Calculate the remainder when 27734 is divided by 16.
6
Calculate the remainder when 8219 is divided by 392.
379
What is the remainder when 125525 is divided by 442?
439
Calculate the remainder when 2388 is divided by 796.
0
Calculate the remainder when 80493 is divided by 118.
17
Calculate the remainder when 20407 is divided by 4077.